{"id":12,"date":"2018-03-16T14:00:31","date_gmt":"2018-03-16T14:00:31","guid":{"rendered":"http:\/\/gruene-list.de\/?page_id=12"},"modified":"2025-07-14T11:35:05","modified_gmt":"2025-07-14T09:35:05","slug":"programm","status":"publish","type":"page","link":"https:\/\/www.gruene-nf.de\/sylt\/programm\/","title":{"rendered":"Programm"},"content":{"rendered":"\n<h1 class=\"wp-block-heading\">Niemals war mehr Aufbruch als jetzt.<\/h1>\n\n\n\n<p>Liebe Listerinnen und Lister,<\/p>\n\n\n\n<p>die <a href=\"https:\/\/www.gruene-nf.de\/sylt\/aktive-2\/\" data-type=\"page\" data-id=\"13\">Ortsgruppe List<\/a> ist vielf\u00e4ltig: vom Elektrotechniker bis hin zur Biologin, von jung bis \u00e4lter. Durch unsere verschiedenen Blickrichtungen erg\u00e4nzen wir uns bei der L\u00f6sungsfindung &#8211; motiviert und voller Tatendrang. Was uns vereint, ist die Liebe zu List und zur Insel, die Freude an der Natur sowie das Interesse an einer ausge- wogenen Ortsentwicklung und einer lebendigen Dorfgemeinschaft. Wir m\u00f6chten unseren Ort tatkr\u00e4ftig, transparent und enkeltauglich mitgestalten, um ihn auf den Weg zu einer sozial- und naturvertr\u00e4glichen Zukunft zu f\u00fchren. Wir ringen streitbar um die besten L\u00f6sungen und sind offen f\u00fcr Kritik. Das ist nicht immer einfach, aber das ist unser Weg, Kommunalpolitik f\u00fcr ALLE zu machen.<\/p>\n\n\n\n<p><strong>Jeder und jede hat die Wahl zwischen Aufbruch und Weiter so!<\/strong><\/p>\n\n\n\n<p>1. F\u00fcr eine transparente Gemeindepolitik<br>2. F\u00fcr eine verl\u00e4ssliche Kindertageseinrichtung<br>3. F\u00fcr eine funktionierende Dorfgemeinschaft<br>4. F\u00fcr bezahlbaren Dauerwohnraum in List<br>5. F\u00fcr den Verbleib von Gemeindefl\u00e4chen in Gemeindehand<br>6. F\u00fcr eine bezahlbare und nachhaltige Energieversorgung<br>7. F\u00fcr eine intakte Natur auch innerorts durch \u00f6kologische Bepflanzung<\/p>\n\n\n\n<h3 class=\"wp-block-heading\"><strong><br>Wir denken und handeln auch insular:<\/strong><\/h3>\n\n\n\n<p>\u2022 f\u00fcr den Erhalt der Sylter Natur<br>\u2022 f\u00fcr nachhaltigen und achtsamen Tourismus<br>\u2022 f\u00fcr den Erhalt der Sylter Kultur, Br\u00e4uche und Denkm\u00e4ler<br>\u2022 f\u00fcr den Ausbau erneuerbarer Energien<br>\u2022 f\u00fcr eine nachhaltige Verkehrswende<br>&nbsp;&nbsp;&nbsp;&nbsp;&nbsp;&nbsp;&nbsp; &#8211; Sichere Rad- und Naturwanderwege<br>&nbsp;&nbsp;&nbsp;&nbsp;&nbsp;&nbsp;&nbsp; &#8211; Gut getakteten, kostenlosen \u00d6PNV<br>&nbsp;&nbsp;&nbsp;&nbsp;&nbsp;&nbsp;&nbsp; &#8211; Car-Sharing-Angebote &amp; On-Demand-Verkehre<\/p>\n\n\n\n<p>\u2022 f\u00fcr eine insulare Zusammenarbeit <br>&nbsp;&nbsp;&nbsp;&nbsp;&nbsp;&nbsp;&nbsp; &#8211; Gepflegt alt werden auf Sylt<br>&nbsp;&nbsp;&nbsp;&nbsp;&nbsp;&nbsp;&nbsp; &#8211; Lister Schwimmhalle erhalten <br>&nbsp;&nbsp;&nbsp;&nbsp;&nbsp;&nbsp;&nbsp; &#8211; Multipark realisieren<br>&nbsp;&nbsp;&nbsp;&nbsp;&nbsp;&nbsp;&nbsp; &#8211; Sylter Archiv voran bringen<\/p>\n\n\n\n<p>\u2022 f\u00fcr gelebte Demokratie: die Einbeziehung von jung bis alt<\/p>\n\n\n\n<p><strong>\u00dcber all das kommen wir gerne mit Euch ins Gespr\u00e4ch! <a href=\"https:\/\/www.gruene-nf.de\/sylt\/aktive-2\/\" data-type=\"page\" data-id=\"13\">Hier findet Ihr mehr Infos \u00fcber uns.<\/a><\/strong><\/p>\n\n\n\n<div style=\"height:100px\" aria-hidden=\"true\" class=\"wp-block-spacer\"><\/div>\n\n\n\n<h1 class=\"wp-block-heading\">Gemeinwohl\u00f6konomie<\/h1>\n\n\n\n<p>Sind Gemeinden dem Gemeinwohl verpflichtet?<\/p>\n\n\n\n<p>Die Frage, ob Gemeinden dem Gemeinwohl verpflichtet sind und somit einer Gemeinwohl\u00f6konomie, werden die meisten von uns spontan mit &#8222;ja&#8220; beantworten. Der Teufel jedoch steckt auch hier mal wieder im Detail.<\/p>\n\n\n\n<p>Am 15. M\u00e4rz 2018 fand in der Nordseeakademie in Leck ein Seminar \u00fcber die Gemeinwohl\u00f6konomie statt &#8211; ein Ansatz von Christian Felber, der sich inzwischen zu einer Bewegung entwickelt hat. Einer Bewegung von Menschen, Unternehmen, Organisationen und Gemeinden, die eine alternative Wirtschaftsform f\u00fcr segensreicher halten als die jetzige, die einzig am Gewinn, an Konkurrenz und am Geld verdienen ausgerichtet ist. Immer mehr Menschen streben eine Wirtschaftsform an, die sich dem guten Leben f\u00fcr alle, dem &#8222;Gemeinwohl&#8220; verpflichtet wei\u00df. Eine Wirtschaftsform, die darauf aus ist, die Lebensgrundlagen auch f\u00fcr zuk\u00fcnftige Generationen zu erhalten. Und zwar nicht nur hier, sondern weltweit.<\/p>\n\n\n\n<h2 class=\"wp-block-heading\">Was ist Gemeinwohl\u00f6konomie?<\/h2>\n\n\n\n<p>Unternehmen, Organisationen und und neuerdings auch Kommunal-Gemeinden haben die M\u00f6glichkeit, sich alleine oder mit Unterst\u00fctzung von Gemeinwohlberater*innen auf eine sogenannte Bilanzierung vorzubereiten. Diese Bilanzierung bezieht sich auf die Bereiche Menschenw\u00fcrde, Solidarit\u00e4t und Gerechtigkeit, \u00f6kologische Nachhaltigkeit sowie Transparenz und Mitentscheidung. Betrachtet werden dabei die Lieferant*innen, die Eigent\u00fcmer*innen und Finanzpartner*innen, Mitarbeiter*innen, Kund*innen und Mitunternehmen sowie das gesellschaftliche Umfeld. Klingt etwas abstrakt &#8211; steigt man jedoch tiefer ein, wird das Ganze ungeheuer konkret.<\/p>\n\n\n\n<p>Die Vorbereitung auf die Bilanzierung sowie die Bilanzierung selbst schult f\u00fcr einen neuen Blick auf das, was man tut &#8211; auf das, was man immer schon getan hat und das, was man f\u00fcr die Zukunft zu tun gedenkt &#8211; und. lenkt den Blick in eine neue Richtung.<\/p>\n\n\n\n<p>Die Art, wie bilanziert wird, ist ein offener Prozess und entwickelt sich stetig weiter.<\/p>\n\n\n\n<h2 class=\"wp-block-heading\">Gemeinwohl\u00f6konomie&nbsp; in Nordfriesland<\/h2>\n\n\n\n<p>In Nordfriesland haben die Gemeinden Klixb\u00fcll, Breklum und Bordelum diesen Prozess begonnen. Sie sind Pioniere auf diesem Gebiet und k\u00f6nnen \u00f6ffentliche F\u00f6rdermittel in Anspruch nehmen. Andere werden folgen.<\/p>\n\n\n\n<p>Welche Gemeinde auf Sylt wird wohl die erste sein, die sich mit dem Gemeinwohlgedanken besch\u00e4ftigt? Welches Unternehmen wird es als erstes wagen, diesen Schritt zu gehen?<\/p>\n\n\n\n<p>Wir glauben, das zu tun t\u00e4te der Insel richtig gut.<\/p>\n\n\n\n<p>Weitere Informationen: <a href=\"https:\/\/www.ecogood.org\/de\/\">https:\/\/www.ecogood.org\/de\/<\/a><strong><br><\/strong><\/p>\n","protected":false},"excerpt":{"rendered":"<p>Niemals war mehr Aufbruch als jetzt. Liebe Listerinnen und Lister, die Ortsgruppe List ist vielf\u00e4ltig: vom Elektrotechniker bis hin zur Biologin, von jung bis \u00e4lter. Durch unsere verschiedenen Blickrichtungen erg\u00e4nzen [&hellip;]<\/p>\n","protected":false},"author":11,"featured_media":0,"parent":0,"menu_order":0,"comment_status":"closed","ping_status":"closed","template":"","meta":{"footnotes":""},"tags":[],"class_list":["post-12","page","type-page","status-publish","hentry"],"_links":{"self":[{"href":"https:\/\/www.gruene-nf.de\/sylt\/wp-json\/wp\/v2\/pages\/12","targetHints":{"allow":["GET"]}}],"collection":[{"href":"https:\/\/www.gruene-nf.de\/sylt\/wp-json\/wp\/v2\/pages"}],"about":[{"href":"https:\/\/www.gruene-nf.de\/sylt\/wp-json\/wp\/v2\/types\/page"}],"author":[{"embeddable":true,"href":"https:\/\/www.gruene-nf.de\/sylt\/wp-json\/wp\/v2\/users\/11"}],"replies":[{"embeddable":true,"href":"https:\/\/www.gruene-nf.de\/sylt\/wp-json\/wp\/v2\/comments?post=12"}],"version-history":[{"count":3,"href":"https:\/\/www.gruene-nf.de\/sylt\/wp-json\/wp\/v2\/pages\/12\/revisions"}],"predecessor-version":[{"id":3314,"href":"https:\/\/www.gruene-nf.de\/sylt\/wp-json\/wp\/v2\/pages\/12\/revisions\/3314"}],"wp:attachment":[{"href":"https:\/\/www.gruene-nf.de\/sylt\/wp-json\/wp\/v2\/media?parent=12"}],"wp:term":[{"taxonomy":"post_tag","embeddable":true,"href":"https:\/\/www.gruene-nf.de\/sylt\/wp-json\/wp\/v2\/tags?post=12"}],"curies":[{"name":"wp","href":"https:\/\/api.w.org\/{rel}","templated":true}]}}